Calculate the remainder when 50 is divided by j.
8
Let x(t) = 107*t + 1017. Calculate the remainder when 805 is divided by x(-9).
49
Let n = -7 + 11. Suppose -2*v + 0 + n = 0, -3*c - 58 = v. Calculate the remainder when 25 is divided by (-2)/4 + (-290)/c.
11
Suppose 5*q + 4 = 3*l + 9*q, -3 = 3*l - 3*q. Suppose -6*r + 342 = -l*r. What is the remainder when r is divided by 17?
6
Let s(f) = -f**2 + 14*f + 5. Let o = 118 - 105. Calculate the remainder when 81 is divided by s(o).
9
Let w = -122 + 285. What is the remainder when w is divided by 14?
9
Suppose -4*j = 12 + 4, j = -3*o + 3122. What is the remainder when o is divided by 36?
34
Suppose 24*y + 19*y = 44*y. Let w(x) = x**2 + 3*x + 59. What is the remainder when w(y) is divided by 15?
14
Suppose -2*m - 96 = -2*s, 0 = -s - 5*m + 26 + 58. Calculate the remainder when 211 - (0 + 0/(-2)) is divided by s.
49
Let g be (-110)/(-44) - (-2)/4. Calculate the remainder when 34 is divided by (-4)/g*15/(-2).
4
Suppose 53 = 2*m + 3*k, -6*k = -2*m - 11*k + 63. Calculate the remainder when 44 is divided by m.
6
Let h(y) = 15*y. Let s(r) = 16*r. Let f be 6 + -6*(-1)/(-2). Let z(p) = f*s(p) - 4*h(p). Calculate the remainder when 21 is divided by z(-1).
9
Let c(q) = -q**2 - 18*q - 30. Let z be c(-7). Suppose 6*b + 5 = z. Calculate the remainder when 27 is divided by b.
6
Suppose -5*p + 6 = -3*p, -a + 3*p = 0. Calculate the remainder when a is divided by (-9)/4*24/(-9).
3
Let i = 23 + -25. Let v = i - -15. Calculate the remainder when 4 + -3 + 0 + v is divided by 8.
6
Suppose -17 = -2*l + 63. Suppose -208 = 85*x - 973. What is the remainder when l is divided by x?
4
Let j(v) = -9*v - 44. Calculate the remainder when 28 is divided by j(-6).
8
Suppose -g + 24 = 2. Suppose -34*p = -32*p - g. What is the remainder when 52 is divided by p?
8
Suppose -23*z = 9*z - 1024. What is the remainder when ((-382)/(-10))/(2/10) is divided by z?
31
Let u = 4 + 1. Suppose 0 = -u*j - 44 + 174. What is the remainder when 49 is divided by j?
23
Let y(p) = 10*p - 6. Let i(f) = -f**2 - 24*f - 35. What is the remainder when y(6) is divided by i(-21)?
26
Let h(z) = -z**3 + 17*z**2 + 13*z - 166. Calculate the remainder when h(16) is divided by 19.
13
Suppose 5*s = 20, 0 = 4*a - 3*s - 2*s - 100. Calculate the remainder when 103 is divided by a.
13
What is the remainder when 1 - (-294)/6 - 5 is divided by 7 - -7 - (-1 + -1)?
13
What is the remainder when 34*(1 + 66/12 + 5) is divided by 128?
7
Suppose -v + 2*v - 288 = 4*t, -72 = t + v. Let g = -52 - t. What is the remainder when 29 is divided by g?
9
Suppose l - 4*l - q = -90, 4*q = 0. Calculate the remainder when l is divided by -1 - -1*36/3.
8
Let k = 17 - 17. Suppose 3*y + y - 48 = k. Calculate the remainder when 35 is divided by y.
11
Suppose -g = 4*f - 212, -11*g = -8*g - f - 623. Calculate the remainder when g is divided by 35.
33
Let k = -33 + 50. Let y = -7 - -26. Suppose 2*n - 149 = y. What is the remainder when n is divided by k?
16
Suppose -368 = -2*j + 4*h, -5*j + 294 = -4*h - 656. Calculate the remainder when j is divided by 15.
14
Let z(w) = 3*w + 23. Let i be z(-6). Suppose -5*j + 55 = i*k - 0*k, -2*j - k = -25. Calculate the remainder when j is divided by 3.
2
Let r be 6*((-10)/(-6))/5. Let u be ((-27)/(-3))/(3/r). What is the remainder when 7 - 7 - (1 - u) is divided by 4?
1
Suppose 56 = 4*k - 4*g, 14 = 2*k - 3*g - 16. Suppose s - 3*i = -0*i + k, 0 = -i - 1. Suppose 2*d - 26 - 4 = 0. What is the remainder when d is divided by s?
6
Let s(b) = b**2 + 8*b - 22. Suppose 0 = -2*q - 6*q - 88. Calculate the remainder when 37 is divided by s(q).
4
Let b(t) = t**2 - 2*t + 2. Let p be 4/(-18) + 423/81. Let l be b(p). Let v = -15 + l. What is the remainder when 3 is divided by v?
1
Let n = 2532 - 2515. Suppose -u + 0*u + 2*p + 67 = 0, 4*p - 181 = -3*u. Calculate the remainder when u is divided by n.
12
Suppose 0 = -d - 3*d - 72. Let z = d - -27. Suppose 0 = -3*p - 2*k + 139, -z*p = -4*p + 2*k - 225. Calculate the remainder when p is divided by 23.
20
Calculate the remainder when ((-50)/(-5) - 9)/((-1)/(-76)) is divided by 15.
1
Let j = 992 - 655. Calculate the remainder when j is divided by 38.
33
Let d(w) = -26*w - 103. Calculate the remainder when 44 is divided by d(-5).
17
Let w(l) = l + 9 + l - l. What is the remainder when (4 - 0) + -2 + 4 is divided by w(-5)?
2
Let n(a) = -a**2 + 4*a + 1. Let b be n(4). Let f = 7 + 1. Calculate the remainder when f is divided by 1/(b + (-12)/15).
3
Let c(w) = w**3 + w**2 - 6*w - 1. Suppose -f = -4*f - 12. Let l be c(f). Let k = l + 36. Calculate the remainder when 41 is divided by k.
8
Let v be 79 + -2 + (-3 - (-1)/1). Let k = v - 66. Calculate the remainder when 17 is divided by k.
8
Let i = -14 - -19. Suppose 136 = i*r - 9. What is the remainder when 289 is divided by r?
28
Let i(t) be the second derivative of -t**5/20 - 5*t**4/12 + t**3/3 - 9*t**2 - 2*t. Calculate the remainder when i(-6) is divided by 3.
0
Let x(n) = n**2 - 2*n + 11. Let f(t) = -t**3 + t + 63. Calculate the remainder when f(0) is divided by x(0).
8
Suppose 3*b - 545 = -2*b. Suppose 83 + b = 8*y. Calculate the remainder when y is divided by 14.
10
Let u be 4/(-10) + (-92)/(-5). What is the remainder when (-2 + 3)/((-2)/(-48)) is divided by 833/63 + (-4)/u?
11
Let p(d) = -d**2 + 0*d**3 + 0*d**3 + 1 + 2*d**3. What is the remainder when 95*(-2 + 12/5) is divided by p(2)?
12
Suppose r - 36 = -3*r. Suppose 4*j + 12 = -0*j - 3*y, 46 = -5*j + 4*y. Calculate the remainder when 5/(-3)*(j - 3) is divided by r.
6
Suppose 4*m + 6 + 2 = -2*j, 2*j + 2*m + 2 = 0. Let v(c) = c**2 + 6*c - 3. Calculate the remainder when (-4)/(j + (-144)/69) is divided by v(-9).
22
Let v(f) = -5*f + 29. Suppose 0 = 2*t + 4 - 0. What is the remainder when v(-11) is divided by ((-1)/1)/(t/34)?
16
Let n be (8/(-6))/((-4)/18) + -3. Let h(d) = 6*d**2 - 5*d + 4. Calculate the remainder when h(n) is divided by 8.
3
Let i be (-14)/(-8) + (-27)/36. Let a be i*1*(5 + 0). Suppose 5*w = -r + 160, -4*w + a*r = -46 - 111. Calculate the remainder when w is divided by 7.
5
Suppose -41*y + 23*y + 828 = 0. What is the remainder when y is divided by 3?
1
What is the remainder when (-26)/(-91) - 1644/(-28) is divided by 9?
5
Suppose -112*g + 12342 + 874 = 0. What is the remainder when g is divided by 12?
10
Let u = -2724 - -4087. What is the remainder when u is divided by 62?
61
Let g(u) = 17*u**2 + u**2 + u + 2*u**2. What is the remainder when g(1) is divided by (-4)/(12/8 + (-65)/30)?
3
Let f be (-1 + 2)/1 - -1. Let p(i) = 22*i - 3. Let k(l) = 2*l**2 - 21. What is the remainder when p(f) is divided by k(4)?
8
Calculate the remainder when 375 is divided by -16 - -10 - (-2 - 59).
45
What is the remainder when 438 is divided by (-12)/(-42) - 580/(-28)?
18
Suppose 2*i = -4 + 14. Suppose p - 96 = -11*p. What is the remainder when p is divided by i?
3
Suppose n - 3*m = -11, 0 = 4*n - 21*m + 22*m - 21. What is the remainder when 117 is divided by n?
1
Let r be 2/(-7) - (-1380)/(-21). What is the remainder when (r/(-18))/((-2)/(-12)) is divided by 6?
4
Suppose 3*o + 2*k = -100, 4*o + 0*k + 125 = -k. Let a be 1/3 + (-2)/6. Let u = a - o. Calculate the remainder when u is divided by 8.
6
Let q = 36 + -21. Let l = 58 - 62. Let b = l + 47. What is the remainder when b is divided by q?
13
Suppose 14*z - 438 = -102. Calculate the remainder when 67 is divided by z.
19
Suppose 0 = 32*k + 10 - 842. Calculate the remainder when 68 is divided by k.
16
Calculate the remainder when 9 - (-14)/(224/432) is divided by (39/(-12))/(2/(-8)).
10
Suppose 51*u - 60 = 47*u. What is the remainder when 29 is divided by u?
14
Let j(n) = n**2 - 6*n + 2. Let b be j(6). Suppose 53 = b*p + 5*w - 10*w, 4*p + 5*w = 121. What is the remainder when 56 is divided by p?
27
Let o = 208 + -196. What is the remainder when 37 is divided by o?
1
Let i(d) = 3*d**2 - 14*d + 5. Suppose -30 = -4*t - 2*l, 0*t + l + 3 = t. Suppose c + 64 = 5*c. Calculate the remainder when i(t) is divided by c.
13
Calculate the remainder when ((-356)/(-6))/((-2)/(-9)) is divided by 45*(-6)/15 - -48.
27
Suppose 5*t = -0*b + 5*b + 15, 0 = 5*b - 10. Let w = -3 - t. Let y = -4 - w. Calculate the remainder when 10 is divided by y.
2
Suppose 0 = 3*g + g - 224. Let f = 49 + -52. Calculate the remai